ime factors of 21443100?
2, 3, 5, 7, 10211
List the prime factors of 199846.
2, 99923
List the prime factors of 138269.
37, 101
What are the prime factors of 1801047?
3, 659, 911
List the prime factors of 2790980.
2, 5, 53, 2633
What are the prime factors of 553392?
2, 3, 7, 61
What are the prime factors of 11599517?
1931, 6007
What are the prime factors of 2547978?
2, 3, 631, 673
List the prime factors of 4480281.
3, 13, 149, 257
List the prime factors of 95158.
2, 7, 971
List the prime factors of 2938523.
7, 419789
List the prime factors of 805710.
2, 3, 5, 107, 251
List the prime factors of 22447620.
2, 3, 5, 13, 53, 181
What are the prime factors of 11043881?
11043881
What are the prime factors of 434804?
2, 71, 1531
List the prime factors of 1121522.
2, 560761
What are the prime factors of 175762?
2, 87881
List the prime factors of 3068590.
2, 5, 7, 59, 743
What are the prime factors of 2810665?
5, 11, 13, 3931
What are the prime factors of 11650005?
3, 5, 37, 6997
List the prime factors of 296943.
3, 98981
What are the prime factors of 1873575?
3, 5, 11, 757
List the prime factors of 2000533.
223, 8971
What are the prime factors of 5417990?
2, 5, 541799
List the prime factors of 573851.
573851
What are the prime factors of 216298?
2, 83, 1303
What are the prime factors of 1604588?
2, 19, 43, 491
What are the prime factors of 17077?
17077
What are the prime factors of 329738?
2, 173, 953
What are the prime factors of 161187?
3, 13, 4133
What are the prime factors of 10322044?
2, 2580511
What are the prime factors of 394425?
3, 5, 1753
What are the prime factors of 9123020?
2, 5, 456151
List the prime factors of 1330071.
3, 127, 3491
List the prime factors of 519330.
2, 3, 5, 7, 2473
What are the prime factors of 16152299?
19, 850121
What are the prime factors of 1361171?
7, 27779
What are the prime factors of 6752557?
7, 101, 9551
List the prime factors of 74997.
3, 13, 641
List the prime factors of 788997.
3, 11, 23909
What are the prime factors of 25683193?
19, 1351747
List the prime factors of 114176.
2, 223
List the prime factors of 752720.
2, 5, 97
List the prime factors of 161643.
3, 53881
What are the prime factors of 244100?
2, 5, 2441
What are the prime factors of 3628293?
3, 17, 71143
List the prime factors of 962916.
2, 3, 29, 2767
List the prime factors of 1614509.
13, 124193
List the prime factors of 388010.
2, 5, 7, 23, 241
List the prime factors of 2118919.
11, 192629
List the prime factors of 760241.
760241
What are the prime factors of 76818?
2, 3, 7, 31, 59
List the prime factors of 1120474.
2, 560237
List the prime factors of 300000.
2, 3, 5
List the prime factors of 1604256.
2, 3, 17, 983
List the prime factors of 496485.
3, 5, 11, 17, 59
List the prime factors of 6903424.
2, 11, 4903
List the prime factors of 1611837.
3, 79, 2267
List the prime factors of 19734555.
3, 5, 1315637
List the prime factors of 2498436.
2, 3, 69401
List the prime factors of 823544.
2, 113, 911
What are the prime factors of 1225175?
5, 7, 7001
List the prime factors of 57494.
2, 17, 19, 89
List the prime factors of 39652330.
2, 5, 17, 41, 5689
What are the prime factors of 68327?
7, 43, 227
What are the prime factors of 710752?
2, 7, 19, 167
List the prime factors of 12823284.
2, 3, 317, 3371
What are the prime factors of 8840860?
2, 5, 7, 63149
What are the prime factors of 1516294?
2, 13, 29, 2011
List the prime factors of 736.
2, 23
List the prime factors of 443882.
2, 221941
What are the prime factors of 503016?
2, 3, 20959
What are the prime factors of 16463191?
17, 968423
List the prime factors of 1090507.
11, 99137
What are the prime factors of 17926592?
2, 280103
List the prime factors of 9592488.
2, 3, 17, 461
What are the prime factors of 80965?
5, 16193
List the prime factors of 116225.
5, 4649
What are the prime factors of 194618?
2, 31, 43, 73
List the prime factors of 42214.
2, 21107
What are the prime factors of 7751031?
3, 17, 19, 421
What are the prime factors of 52384?
2, 1637
List the prime factors of 270470.
2, 5, 17, 37, 43
List the prime factors of 2079592.
2, 259949
What are the prime factors of 105388?
2, 26347
List the prime factors of 12107743.
2591, 4673
List the prime factors of 4113211.
4113211
List the prime factors of 17189172.
2, 3, 7, 11, 13, 53
What are the prime factors of 1043422?
2, 157, 3323
What are the prime factors of 2713750?
2, 5, 13, 167
What are the prime factors of 1751770?
2, 5, 283, 619
List the prime factors of 1085275.
5, 43411
List the prime factors of 7079082.
2, 3, 1179847
What are the prime factors of 229848?
2, 3, 61, 157
List the prime factors of 337231.
19, 17749
List the prime factors of 466844.
2, 7, 16673
List the prime factors of 5631289.
37, 152197
What are the prime factors of 413554?
2, 19, 10883
What are the prime factors of 218807?
17, 61, 211
What are the prime factors of 135549?
3, 15061
List the prime factors of 32133145.
5, 11, 17, 34367
What are the prime factors of 150099?
3, 50033
List the prime factors of 94391.
11, 8581
List the prime factors of 4104148.
2, 1026037
List the prime factors of 7613316.
2, 3, 73, 2897
List the prime factors of 4526865.
3, 5, 7, 2053
List the prime factors of 6032531.
6032531
List the prime factors of 29617.
7, 4231
List the prime factors of 27066682.
2, 3119, 4339
List the prime factors of 5921997.
3, 1973999
What are the prime factors of 2080142?
2, 1040071
What are the prime factors of 1711?
29, 59
What are the prime factors of 9214334?
2, 4607167
List the prime factors of 89955.
3, 5, 1999
What are the prime factors of 169697?
11, 15427
List the prime factors of 11829548.
2, 2957387
What are the prime factors of 5246898?
2, 3, 23, 193, 197
List the prime factors of 303575.
5, 12143
List the prime factors of 2913597.
3, 31, 59
List the prime factors of 8338002.
2, 3, 1389667
What are the prime factors of 641875?
5, 13, 79
List the prime factors of 2115133.
2115133
List the prime factors of 142642.
2, 73, 977
What are the prime factors of 2049586?
2, 7, 11, 13309
List the prime factors of 5568267.
3, 1856089
List the prime factors of 3378949.
7, 482707
List the prime factors of 2047135.
5, 383, 1069
List the prime factors of 2722913.
2722913
List the prime factors of 16193.
16193
What are the prime factors of 13461752?
2, 43, 39133
List the prime factors of 1624350.
2, 3, 5, 7, 13, 17
List the prime factors of 1700242.
2, 850121
List the prime factors of 359185.
5, 71837
List the prime factors of 1937432.
2, 7, 29, 1193
List the prime factors of 11774521.
11, 1070411
List the prime factors of 9105353.
17, 535609
List the prime factors of 1692967.
1692967
What are the prime factors of 263116?
2, 7, 9397
What are the prime factors of 2078147?
31, 43, 1559
What are the prime factors of 3312883?
7, 433, 1093
What are the prime factors of 1129495?
5, 223, 1013
What are the prime factors of 11960642?
2, 5980321
List the prime factors of 127635.
3, 5, 67, 127
What are the prime factors of 28978?
2, 14489
List the prime factors of 464168.
2, 17, 3413
List the prime factors of 5930889.
3, 31, 63773
What are the prime factors of 96837?
3, 13, 191
List the prime factors of 89594.
2, 44797
List the prime factors of 220982.
2, 110491
List the prime factors of 311269.
7, 53, 839
List the prime factors of 1317138.
2, 3, 219523
List the prime factors of 319166.
2, 53, 3011
What are the prime factors of 2968434?
2, 3, 7, 7853
What are the prime factors of 199560?
2, 3, 5, 1663
What are the prime factors of 337126?
2, 59, 2857
What are the prime factors of 1153219?
1153219
List the prime factors of 352868.
2, 19, 4643
What are the prime factors of 1037282?
2, 313, 1657
List the prime factors of 1572063.
3, 41, 12781
What are the prime factors of 155436?
2, 3, 12953
List the prime factors of 765735.
3, 5, 71, 719
What are the prime factors of 1617834?
2, 3, 47, 5737
List the prime factors of 156005.
5, 41, 761
What are the prime factors of 14693153?
653, 22501
List the prime factors of 41406143.
41406143
What are the prime factors of 1292664?
2, 3, 53861
List the prime factors of 3552538.
2, 11, 31, 5209
What are the prime factors of 1340230?
2, 5, 223, 601
List the prime factors of 373247.
7, 71, 751
List the prime factors of 1331231.
11, 121021
What 